{"id":19,"date":"2012-11-18T13:26:17","date_gmt":"2012-11-18T11:26:17","guid":{"rendered":"http:\/\/knieps.net\/?page_id=19"},"modified":"2025-09-08T21:44:02","modified_gmt":"2025-09-08T19:44:02","slug":"ausbilder2","status":"publish","type":"page","link":"https:\/\/knieps.net\/?page_id=19","title":{"rendered":"Ausbilder"},"content":{"rendered":"<div align=\"center\">\n<div align=\"left\">\n<p align=\"left\">Seit 2009 arbeite ich an Studienseminaren. Zuerst als Ausbildungsbeauftragter am <a title=\"Studienseminar Kassel\" href=\"http:\/\/lakk.sts-ghrf-kassel.bildung.hessen.de\/\" target=\"_blank\" rel=\"noopener noreferrer\">Studienseminar Kassel (GHRF)<\/a> und seit 2011 am <a title=\"Studienseminar Wiesbaden\" href=\"http:\/\/www.studienseminar-ghrf-wi.de\/\" target=\"_blank\" rel=\"noopener noreferrer\">Studienseminar Wiesbaden (GHRF)<\/a>. Im Jahr 2013 \u00fcbernahm ich hier eine Stelle als Rektor als Ausbildungsleiter.<\/p>\n<p align=\"left\">Aktuell bin ich in folgenden Modulen bzw. Veranstaltungen eingesetzt:<\/p>\n<ul>\n<li>Musik<\/li>\n<li>Beratung und Reflexion von beruflichen Handlungssituationen (BRH)<\/li>\n<li>Erziehen Beraten Betreuen (EBB)<\/li>\n<li>Diversit\u00e4t in Lehr- und Lernprozessen (DLL)<\/li>\n<li>Veranstaltung Innovieren in Unterricht und Schule (VINN)<\/li>\n<\/ul>\n<p>Seit 2024 darf ich Musik Quereinsteiger im Raum Wiesbaden\/Frankfurt betreuen.<\/p>\n<p>Und als Coach begleite ich Lehrkr\u00e4fte im Vorbereitungsdienst in ausgew\u00e4hlten Situationen.<\/p>\n<p>Dar\u00fcberhinaus bin ich regelm\u00e4\u00dfig in Staatsexamenspr\u00fcfungen eingesetzt.<\/p>\n<p>In der Vergangenheit war ich bereits in folgenden Modulen und Veranstaltungen t\u00e4tig:<\/p>\n<\/div>\n<div align=\"left\">\n<ul>\n<li>\u00c4sthetische Bildung (\u00c4B)<\/li>\n<li>Beratung und Reflexion der Berufsrolle (BRB)<\/li>\n<li>Diagnostizieren, F\u00f6rdern, Beraten (DFB)<\/li>\n<li>Fachmodul Mathematik<\/li>\n<li>Medienerziehung (ME)<\/li>\n<li>Medien und Methoden (MuM)<\/li>\n<li>Musische Elemente in der Schule (MES)<\/li>\n<li>Schwerpunkt Mitgestaltung der Selbstst\u00e4ndigkeit von Schule (SMS)<\/li>\n<li>Singen mit Kindern (VWP)<\/li>\n<\/ul>\n<\/div>\n<\/div>\n\n\n<p><\/p>\n","protected":false},"excerpt":{"rendered":"<p>Seit 2009 arbeite ich an Studienseminaren. Zuerst als Ausbildungsbeauftragter am Studienseminar Kassel (GHRF) und seit 2011 am Studienseminar Wiesbaden (GHRF). Im Jahr 2013 \u00fcbernahm ich hier eine Stelle als Rektor als Ausbildungsleiter. Aktuell bin ich in folgenden Modulen bzw. Veranstaltungen &hellip; <a href=\"https:\/\/knieps.net\/?page_id=19\">Weiterlesen <span class=\"meta-nav\">&rarr;<\/span><\/a><\/p>\n","protected":false},"author":1,"featured_media":0,"parent":0,"menu_order":1,"comment_status":"closed","ping_status":"closed","template":"","meta":{"footnotes":""},"class_list":["post-19","page","type-page","status-publish","hentry"],"_links":{"self":[{"href":"https:\/\/knieps.net\/index.php?rest_route=\/wp\/v2\/pages\/19","targetHints":{"allow":["GET"]}}],"collection":[{"href":"https:\/\/knieps.net\/index.php?rest_route=\/wp\/v2\/pages"}],"about":[{"href":"https:\/\/knieps.net\/index.php?rest_route=\/wp\/v2\/types\/page"}],"author":[{"embeddable":true,"href":"https:\/\/knieps.net\/index.php?rest_route=\/wp\/v2\/users\/1"}],"replies":[{"embeddable":true,"href":"https:\/\/knieps.net\/index.php?rest_route=%2Fwp%2Fv2%2Fcomments&post=19"}],"version-history":[{"count":21,"href":"https:\/\/knieps.net\/index.php?rest_route=\/wp\/v2\/pages\/19\/revisions"}],"predecessor-version":[{"id":1815,"href":"https:\/\/knieps.net\/index.php?rest_route=\/wp\/v2\/pages\/19\/revisions\/1815"}],"wp:attachment":[{"href":"https:\/\/knieps.net\/index.php?rest_route=%2Fwp%2Fv2%2Fmedia&parent=19"}],"curies":[{"name":"wp","href":"https:\/\/api.w.org\/{rel}","templated":true}]}}