{"id":1693,"date":"2022-02-08T23:25:32","date_gmt":"2022-02-08T21:25:32","guid":{"rendered":"http:\/\/knieps.net\/?page_id=1693"},"modified":"2022-02-09T00:55:22","modified_gmt":"2022-02-08T22:55:22","slug":"coach","status":"publish","type":"page","link":"https:\/\/knieps.net\/?page_id=1693","title":{"rendered":"Coach"},"content":{"rendered":"\n<p>Von Dezember 2018 bis September 2021 absolvierte ich mit Unterst\u00fctzung der Hessischen Lehrkr\u00e4fteakademie eine Ausbildung zum &#8222;Systemischen Coach gem\u00e4\u00df den Richtlinien der Deutschen Gesellschaft f\u00fcr Systemische Organisationsberatung e.V.&#8220;. <\/p>\n\n\n\n<p>Im Fokus meiner Arbeit als Coach steht der einzelne Mensch mit seinen individuellen Bed\u00fcrfnissen. <\/p>\n\n\n\n<p>Ich m\u00f6chte Sie dabei dabei unterst\u00fctzen, Ihre professionellen Herausforderungen aus neuen Blickwinkeln zu betrachten und auf dem Hintergrund Ihrer eigenen Ideen L\u00f6sungswege vorzubereiten.<\/p>\n\n\n\n<p>Die Systemische Organisationsberatung, die Gewaltfreie Kommunikation und meine vielf\u00e4ltigen Lebenserfahrungen sind die Grundsteine meiner Arbeit. <\/p>\n\n\n\n<div class=\"wp-block-image is-style-default\"><figure class=\"aligncenter size-large is-resized\"><a href=\"https:\/\/knieps.net\/wp-content\/uploads\/2022\/02\/2021_09_05-Zertifikat-Systemisches-Coaching.pdf\" target=\"_blank\" rel=\"noopener\"><img loading=\"lazy\" decoding=\"async\" src=\"https:\/\/knieps.net\/wp-content\/uploads\/2022\/02\/2021_09_05-Zertifikat-Systemisches-Coaching-723x1024.png\" alt=\"\" class=\"wp-image-1697\" width=\"362\" height=\"512\" srcset=\"https:\/\/knieps.net\/wp-content\/uploads\/2022\/02\/2021_09_05-Zertifikat-Systemisches-Coaching-723x1024.png 723w, https:\/\/knieps.net\/wp-content\/uploads\/2022\/02\/2021_09_05-Zertifikat-Systemisches-Coaching-212x300.png 212w, https:\/\/knieps.net\/wp-content\/uploads\/2022\/02\/2021_09_05-Zertifikat-Systemisches-Coaching-768x1088.png 768w, https:\/\/knieps.net\/wp-content\/uploads\/2022\/02\/2021_09_05-Zertifikat-Systemisches-Coaching.png 824w\" sizes=\"auto, (max-width: 362px) 100vw, 362px\" \/><\/a><\/figure><\/div>\n","protected":false},"excerpt":{"rendered":"<p>Von Dezember 2018 bis September 2021 absolvierte ich mit Unterst\u00fctzung der Hessischen Lehrkr\u00e4fteakademie eine Ausbildung zum &#8222;Systemischen Coach gem\u00e4\u00df den Richtlinien der Deutschen Gesellschaft f\u00fcr Systemische Organisationsberatung e.V.&#8220;. Im Fokus meiner Arbeit als Coach steht der einzelne Mensch mit seinen &hellip; <a href=\"https:\/\/knieps.net\/?page_id=1693\">Weiterlesen <span class=\"meta-nav\">&rarr;<\/span><\/a><\/p>\n","protected":false},"author":1,"featured_media":0,"parent":0,"menu_order":0,"comment_status":"closed","ping_status":"closed","template":"","meta":{"footnotes":""},"class_list":["post-1693","page","type-page","status-publish","hentry"],"_links":{"self":[{"href":"https:\/\/knieps.net\/index.php?rest_route=\/wp\/v2\/pages\/1693","targetHints":{"allow":["GET"]}}],"collection":[{"href":"https:\/\/knieps.net\/index.php?rest_route=\/wp\/v2\/pages"}],"about":[{"href":"https:\/\/knieps.net\/index.php?rest_route=\/wp\/v2\/types\/page"}],"author":[{"embeddable":true,"href":"https:\/\/knieps.net\/index.php?rest_route=\/wp\/v2\/users\/1"}],"replies":[{"embeddable":true,"href":"https:\/\/knieps.net\/index.php?rest_route=%2Fwp%2Fv2%2Fcomments&post=1693"}],"version-history":[{"count":6,"href":"https:\/\/knieps.net\/index.php?rest_route=\/wp\/v2\/pages\/1693\/revisions"}],"predecessor-version":[{"id":1714,"href":"https:\/\/knieps.net\/index.php?rest_route=\/wp\/v2\/pages\/1693\/revisions\/1714"}],"wp:attachment":[{"href":"https:\/\/knieps.net\/index.php?rest_route=%2Fwp%2Fv2%2Fmedia&parent=1693"}],"curies":[{"name":"wp","href":"https:\/\/api.w.org\/{rel}","templated":true}]}}